-12 - 34) + 13 + -1.
60
-11 + (5 - (14 - 2 - 15 - (3 - 2)))
-2
Calculate (1 - (-7 + -2)) + -6 + (-55 - -35 - 77).
-93
Calculate (8 - 7) + -14 - (1 + 34) - (2 - 1).
-49
What is the value of -153 + -77 + 39 + 98?
-93
Calculate 9 + (45 - (25 + -27 - -21)).
35
Evaluate (8 - -8) + (-70 + -2 - (10 + -12)).
-54
(-2 - 11) + -3 + (-12 - -11) + -46
-63
Evaluate 70 + -63 - (-2 - -3 - (3 + -1)) - 56.
-48
2 - (38 + (25 - 20 - 6) + 12 + -1)
-46
Calculate 1 - 5 - -5 - ((36 + -12 - 17) + 47).
-53
22 - ((-115 - -153) + -95 + 5)
74
What is the value of 8 + 29 - (57 + -31)?
11
Calculate 83 - (1 - 36 - -81).
37
-7 + 8 + 11 + 7 + -29 - -82
72
What is the value of (-145 - 4) + (1899 - 1807)?
-57
14 + 3 + 2 - (284 - 311)
46
Calculate -91 - -21 - (-16 + -14).
-40
(300 - 249) + -33 + -2 + (-5 - 1)
10
What is -23 - (-9 - 0) - -21 - (10 - (4 + -3))?
-2
What is 8 + 0 - (-80 - -42 - -43 - (73 - 4))?
72
Evaluate 4178 + -4139 + -39 + -1.
-1
-61 - (-50 + 10 + -10 + 31)
-42
Evaluate -14 + (-4 + -3 + -4 - (189 - 85)) + -2.
-131
(-26 - -20 - -18) + -37
-25
Evaluate 56 - (56 - 132 - -256).
-124
Evaluate (5 - (-6 + 4 + -4)) + -116 + 110.
5
(-1609 - -1581) + (-5 - -3) + 95
65
Evaluate (4 - 11) + -34 + 92 + -50.
1
Evaluate -1 - (152 + -5 + -9 + -36 + 24).
-127
Calculate -21 - (-4 + -5 - 7) - -19.
14
Evaluate -1 + -4 + 9 - -9 - (-8 - (40 - 2)).
59
Calculate -9 - (-58 - (1 - (-7 + 9 + 2) - -12)).
58
Calculate 47 - ((-141 - -70) + 62 + (0 - (1 + -3))).
54
What is -62 + 64 - (23 + -140)?
119
What is 44 - (17 - (5 + 3) - (-2 - (5 + -7)))?
35
20 + (348 - 388 - (-3 - 1))
-16
What is -27 + (-36 - -93) + 8?
38
19 - -6 - (-59 - 6 - (-54 - -34))
70
What is -15 - (-15 - (0 - (41 - 38 - (-29 + 0))))?
-32
What is the value of (46 - 1) + 1553 + -1556 + 2 + (0 - 1)?
43
-33 - (-80 + (63 - 22))
6
What is the value of -1 - -41 - (-5107 + 5195)?
-48
Evaluate (31 - (-8 + 26)) + -11 - (-34 - 6).
42
Evaluate -3 - (-3 - -42) - (47 + 19 + -79).
-29
Calculate (443 - 421) + (-5 - -1) - 15 - (1 - -2).
0
Calculate 1 + -26 - (117 - 1 - (-1645 - -1696)).
-90
Evaluate (10 - (9 - 1 - (46 - 43) - 2)) + -15.
-8
Evaluate -28 - ((71 - 1) + (-201 - -185)).
-82
Calculate (152 + -89 - (-3 + -1 + -2)) + -13.
56
5 - ((6 - 5) + 3 + -2 - 3) - 35
-29
What is the value of 4 + (28 - 59) - ((2 - -1) + 0)?
-30
What is (4 - (-8 + 4 - -7)) + (26 - 39) + 47?
35
Evaluate (4 - (0 + 50)) + -639 + 644.
-41
What is -19 + (-4 + 0 + -4 - (38 + 32))?
-97
Calculate 1 + -2 - (-59 + 31 + -6).
33
What is 36 - (-43 - -19 - -83)?
-23
What is (27 - (-8 - -13)) + -12 + -8 + -2?
0
What is 176 - -31 - 255 - (9 + 2 - -2)?
-61
1 + -25 + -40 + 103 + -49 - 16
-26
What is the value of -66 + (-7 - (20 + -23)) + -4 + -3?
-77
What is the value of (-26 - (-12 - (-10 + -10 + 0)) - 13) + 9?
-38
Evaluate (0 + -1 - -14) + (-17 - (48 + -25 + -14)).
-13
Evaluate -51 - -10 - (-168 + 77).
50
Calculate (5 - 2) + (-10 - 2) + -46 + 97.
42
What is the value of 79 + -179 + 206 + -58?
48
-3 + -2 - (3 + 7 + -12 + -13)
10
What is the value of (61 - (96 - 142)) + (-5 - (-10 + (-6 - -5)))?
113
What is -1 - (1 + 2 - -3 - (-9 + 40 + -13))?
11
What is -223 - -73 - -233 - (-5 - -1 - 0)?
87
Evaluate 94 + -108 + (1 + 79 - (-12 + 10)).
68
66 + (18 + (14 - (2 + 29)) - (3 + 0))
64
4 + 0 - (95 - 76) - (1 + -22)
6
What is the value of (6 + 1 - -12) + (-2 - (54 - 26))?
-11
Calculate (-47 - -35) + (0 - (1 + -7)) - -39.
33
What is the value of (1 - 20 - (3 + -23)) + (54 - 7)?
48
What is 21 + (-2 - 18) + 6 + -4?
3
What is (-579 - -634) + 3 + 22?
80
Calculate -1 + -13 - (-2068 + 2063) - -14.
5
What is the value of (-18 - 15 - -62) + -34 + 88?
83
What is 76 + -41 + (-72 - -35)?
-2
-12 - ((4 - 2) + -19)
5
What is the value of -142 + -51 + 77 + 35?
-81
What is the value of (-125 - -48) + (29 - -8)?
-40
What is the value of (0 - (-3 + (1 - -4))) + -4 - (-658 + 611)?
41
Evaluate -1 + -1 - (-97 + 81 + 56).
-42
What is (-30 + 4 - -20) + -15 + 2?
-19
What is the value of (-20 - 1) + -1951 + 1895 + -8?
-85
What is the value of ((-37 - -19) + 17 - -24) + -15?
8
Calculate 199 + 8 + -232 - (-4 - -1 - 1).
-21
-88 + (75 - 53) + 74
8
What is the value of -61 - -20 - -63 - 62?
-40
(49 - (-64 - -63)) + -95
-45
0 + -8 + (8 - 2 - (14 - 7))
-9
Calculate -44 - -25 - 41 - -89.
29
What is 22 + -49 - (-46 + 20 + 5)?
-6
Calculate 53 + (-25 - -30) + -37.
21
Evaluate 241 + -443 - (-88 - 3).
-111
What is the value of -9 + 7 + 13 - 6 - 52?
-47
What is -7 + (21 - (60 + -22)) + 1?
-23
3 + -11 + 10 - ((5 - (3 + -40)) + -5)
-35
(-10 - -3 - (14 + -15) - (-1 - -13)) + -8
-26
-2 + 0 + (77 - -15 - 48)
42
27 - (18 - 1 - (317 - 286))
41
Calculate (2 + -2 - 0) + 14 - (-37 - (-122 - 28)).
-99
Evaluate -37 + (-5 - -9) - ((6 - 2) + -4 + 4).
-37
What is 74 + (7 - 4) + -100 + 92 + -9?
60
Evaluate -6 + (-18 + 14 - -19) - (26 + -1 + 3).
-19
Evaluate -92 - (42 - 173 - -9).
30
Calculate (40 - -69) + 6 + -87.
28
313 + -251 + -18 + -46
-2
Evaluate (-59 - -84) + -28 + 31.
28
What is the value of 3 - (20 + -50 + -8)?
41
What is -15 - (-1 + 2 + -11 + (-10 - -1 - -15))?
-11
(-8 - (-5 + 3 + 9)) + 18
3
What is the value of (20 - (-2 - 8 - -8 - -14)) + -19?
-11
-66 - (-11 - (13 - (37 + -12) - -3))
-64
Evaluate -4 + 12 - ((0 - 3) + 2) - -4.
13
What is the value of 19 + (-13 - -20 - 8) + -16?
2
Evaluate (53 - (140 - 63)) + -4.
-28
What is 24 - (2 + 1 - (-67 - 0))?
-46
What is the value of -3 + 1 + (-34 - (17 - 31)) - (11 + -5)?
-28
What is -16 - (51 + -18 + -2)?
-47
Evaluate (-33 - (-7 + 13)) + (-3 - (1 - 0)).
-43
What is -10 + (26 - 5 - 10) - (-1 - -1 - 10)?
11
-65 + (43 - -3) + 0
-19
Calculate (-8 - (-21 - (-2 - -10))) + 47 + -60 + 48.
56
What is -32 + (34 - 77 - -44)?
-31
Evaluate -90 - (-12 - (1 - 11) - 1 - (0 + -15)).
-102
Evaluate -155 + (-108 - -50) + 129.
-84
81 - 82 - ((0 + -1 - -5) + -9)
4
Evaluate (4 - 4) + 69 - (3 + (34 - 20)).
52
What is the value of (-1 - -2) + -23 + (97 - -89 - 173)?
-9
Evaluate 361 + -302 + 3 + -48.
14
What is -92 - (-38 - -43 - 24)?
-73
What is the value of (-45 - -27 - 49) + 30?
-37
What is the value of -43 + -19 + -13 + 25 + -2?
-52
-13 + 0 - ((-32 - -30) + (2 - 4) - 10)
1
What is the value of -87 - (-49 + 50 - 81)?
-7
Calculate (138 - (46 + -6)) + -29.
69
Calculate (-10 - -8 - 54) + (-46 - -48).
-54
-11 - (4 + 0) - (76 + (3 - 8))
-86
Evaluate 86 - (12 + -3 + -10) - (-2 + -6 - 5).
100
What is 5 - ((3 - -7 - 10) + -45) - (-2 - 7)?
59
27 - (8 - (-62 + 51))
8
What is the value of (11 + -1 - (0 - -1)) + -114 + 37 + 31?
-37
Calculate -354 + 380 - (-13 + -2 + 6).
35
What is 24 + (143 - (-43 - -117))?
93
(25 - -1) + (583 - 610) + -20
-21
Evaluate -10 + -12 + (16 - (6 - 1)) + 8.
-3
What is -5 + 2 + -3 - (31 + (29 - 65))?
-1
(21 - (12 + 2 + 7)) + 2 + -1 + -1
0
Evaluate (1163 - 1115) + (3 - 69).
-18
Calculate (-278 - -336) + -1 + (-43 - -4).
18
What is -40 - -49 - (10 + (-1 - -5))?
-5
What is the value of 1 - 73 - (84 + (14 - 90))?
-80
(-34 - -99) + 28 + (-3 - -4 - 16)
78
Calculate (-129 - (25 + (-41 - -8))) + 28.
-93
Evaluate -77 + 104 - (-1 - 11).
39
What is the value of -24 - (-6 + (135 - 187))?
34
(58 + (44 - 59) - -75) + (-1 - (2 - 13))
128
What is the value of (12 - -17) + -15 - (6 + -3 + -13)?
24
Calculate 24 + 1 + -3 + -4 + -11.
7
What is the value of 0 + 0 - -1 - (-16 - (29 - 20 - 10))?
16
Evaluate 0 - ((-22 - 1) + (-32 - -22) + -3) - -7.
43
What is (-227 - -97 - -26) + 47?
-57
(-14 - -6) + 107 + -85 - -11
25
Evaluate (5 - -10) + 22 + -14 + 0.
23
34 + 9 - (63 - 22)
2
Calculate -6 + (-53 - -49 - (-50 - -1)) + 16.
55
What is (-2 - 11) + 107 + -78?
16
Calculate 1 + -45 - -3 - (-9 + (1 - -14)).
-47
What is the value of (-66 + 2 - -12) + (21 - -1)?
-30
Evaluate -29 - (1 + -4) - (509 + -532) - (106 - 0).
-109
Calculate 9 - (17 + 2 - -4 - (-25 + (-5 - -19))).
-25
What is -2 + 0 - (13 + 3 + -8 - 23)?
13
What is 5 + (5 - (-2 - -4)) + 7 + 7 + -12?
10
Calculate (21 - (31 - (-21 - -31))) + -27 + 2.
-25
What is (-14 - (16 - (4 - -18)) - -5) + 67?
64
Evaluate -25 - (-7 + (26 - 10) + -6 + 17).
-45
What is the value of 35 + (-148 - -74) - -6?
-33
What is the value of (-51 - -19 - -32) + -5 + -23?
-28
Calculate -3 + 1 + (-15 - (-9 + 58)).
-66
What is the value of (-5 - 60 - -103) + 20?
58
What is the value of 17 - (-29 + 9 - -16)?
21
-34 + (10 - (32 + -13) - (1 + -14))
-30
2 + (-13 - -2) - (94 - 78 - -51)
-76
Evaluate (42 + -47 